ivided by 2107?
2104
Calculate the remainder when 738623077 is divided by 467.
466
Calculate the remainder when 974851 is divided by 604.
599
Calculate the remainder when 51967299 is divided by 22.
21
Calculate the remainder when 15471356 is divided by 131.
125
What is the remainder when 1352071 is divided by 3674?
39
Calculate the remainder when 19474841 is divided by 119476.
253
What is the remainder when 8981438 is divided by 26?
24
Calculate the remainder when 2550920 is divided by 1397.
1395
Calculate the remainder when 128329463 is divided by 7445.
7443
Calculate the remainder when 128375549 is divided by 30.
29
What is the remainder when 1425456 is divided by 14397?
153
What is the remainder when 1394226 is divided by 344?
338
What is the remainder when 10426425 is divided by 2476?
2465
What is the remainder when 93601535 is divided by 93601528?
7
Calculate the remainder when 6609501 is divided by 72631.
80
Calculate the remainder when 244175531 is divided by 58.
55
What is the remainder when 6975002 is divided by 629?
21
Calculate the remainder when 956458 is divided by 11541.
10096
Calculate the remainder when 861272 is divided by 287083.
23
Calculate the remainder when 35697947 is divided by 44.
43
What is the remainder when 65740654 is divided by 277?
244
What is the remainder when 655616 is divided by 163900?
16
What is the remainder when 669323471 is divided by 4175?
4171
What is the remainder when 20530061 is divided by 1211?
1189
Calculate the remainder when 214574 is divided by 214459.
115
Calculate the remainder when 9627 is divided by 2046.
1443
Calculate the remainder when 853915 is divided by 426909.
97
Calculate the remainder when 123581 is divided by 30449.
1785
Calculate the remainder when 2093659 is divided by 205.
199
Calculate the remainder when 5337632 is divided by 10.
2
What is the remainder when 886111 is divided by 3343?
216
Calculate the remainder when 964169 is divided by 964072.
97
What is the remainder when 768541533 is divided by 84?
81
Calculate the remainder when 3616044 is divided by 92718.
42
What is the remainder when 4244093 is divided by 1414693?
14
Calculate the remainder when 412377 is divided by 5981.
5669
What is the remainder when 3991791 is divided by 1598?
1585
Calculate the remainder when 6853589 is divided by 10.
9
What is the remainder when 15320911 is divided by 729567?
4
Calculate the remainder when 1269143 is divided by 46.
3
Calculate the remainder when 227615 is divided by 227327.
288
What is the remainder when 23034382 is divided by 5?
2
What is the remainder when 329438 is divided by 23440?
1278
What is the remainder when 4577785 is divided by 762869?
571
Calculate the remainder when 617366 is divided by 1882.
70
Calculate the remainder when 91361 is divided by 946.
545
Calculate the remainder when 16101 is divided by 15891.
210
What is the remainder when 1229205 is divided by 111742?
43
Calculate the remainder when 2900229 is divided by 580044.
9
What is the remainder when 574998 is divided by 71864?
86
What is the remainder when 1512228 is divided by 79590?
18
Calculate the remainder when 5462207 is divided by 22025.
7
What is the remainder when 73558 is divided by 943?
4
Calculate the remainder when 48773640 is divided by 4221.
4206
Calculate the remainder when 174629 is divided by 2104.
2101
What is the remainder when 87520 is divided by 42696?
2128
Calculate the remainder when 1162550 is divided by 290610.
110
What is the remainder when 68385 is divided by 22729?
198
Calculate the remainder when 158241844 is divided by 5014.
4
Calculate the remainder when 81796 is divided by 27136.
388
Calculate the remainder when 48667 is divided by 3243.
22
Calculate the remainder when 2972 is divided by 1197.
578
Calculate the remainder when 183644 is divided by 487.
45
Calculate the remainder when 496028 is divided by 389.
53
What is the remainder when 38833 is divided by 3305?
2478
Calculate the remainder when 228119 is divided by 7356.
83
What is the remainder when 124719531 is divided by 68?
51
Calculate the remainder when 7769458 is divided by 1553889.
13
Calculate the remainder when 635316 is divided by 8948.
8
What is the remainder when 82312 is divided by 358?
330
Calculate the remainder when 4863690 is divided by 607959.
18
Calculate the remainder when 59099 is divided by 8434.
61
What is the remainder when 411696 is divided by 137109?
369
Calculate the remainder when 3861705 is divided by 167899.
28
Calculate the remainder when 101582 is divided by 3281.
3152
Calculate the remainder when 1583326 is divided by 1583318.
8
What is the remainder when 4786 is divided by 2280?
226
What is the remainder when 55696 is divided by 3105?
2911
Calculate the remainder when 2411796 is divided by 602942.
28
Calculate the remainder when 44793137 is divided by 20.
17
What is the remainder when 12243838 is divided by 4017?
22
What is the remainder when 1398895 is divided by 1524?
1387
What is the remainder when 148602 is divided by 7815?
117
What is the remainder when 1605226 is divided by 69792?
10
What is the remainder when 746029 is divided by 368?
93
What is the remainder when 25118914 is divided by 475?
439
What is the remainder when 12621000 is divided by 21035?
0
What is the remainder when 41627 is divided by 10111?
1183
What is the remainder when 183602 is divided by 984?
578
What is the remainder when 32086 is divided by 4449?
943
What is the remainder when 116676 is divided by 116383?
293
What is the remainder when 2191299 is divided by 1095642?
15
Calculate the remainder when 490562 is divided by 4500.
62
Calculate the remainder when 551326343 is divided by 296.
295
What is the remainder when 880028157 is divided by 7260?
7257
Calculate the remainder when 56138 is divided by 2151.
212
What is the remainder when 899850 is divided by 2073?
168
Calculate the remainder when 142407 is divided by 2343.
1827
Calculate the remainder when 110412 is divided by 11019.
222
What is the remainder when 43577639 is divided by 15?
14
What is the remainder when 160950 is divided by 12893?
6234
Calculate the remainder when 10664 is divided by 2564.
408
What is the remainder when 8011172 is divided by 6?
2
Calculate the remainder when 819607 is divided by 252.
103
What is the remainder when 1426236 is divided by 356546?
52
Calculate the remainder when 6248891 is divided by 2082956.
23
What is the remainder when 2167393 is divided by 2167380?
13
What is the remainder when 1217676 is divided by 98?
26
Calculate the remainder when 652042 is divided by 1792.
1546
Calculate the remainder when 162395 is divided by 20293.
51
What is the remainder when 608948 is divided by 38?
36
Calculate the remainder when 2298859 is divided by 143678.
11
What is the remainder when 1010644 is divided by 122?
118
What is the remainder when 156598 is divided by 1526?
946
What is the remainder when 400399 is divided by 66382?
2107
What is the remainder when 116107 is divided by 958?
189
Calculate the remainder when 18746540 is divided by 72102.
20
Calculate the remainder when 8428208 is divided by 499.
98
Calculate the remainder when 419212 is divided by 34.
26
Calculate the remainder when 10097265 is divided by 8338.
8285
Calculate the remainder when 240158 is divided by 423.
317
What is the remainder when 1106586 is divided by 122868?
774
What is the remainder when 308212 is divided by 302586?
5626
Calculate the remainder when 26668594 is divided by 1159.
4
What is the remainder when 6227618 is divided by 913?
45
Calculate the remainder when 578059 is divided by 10.
9
What is the remainder when 722976 is divided by 1193?
18
Calculate the remainder when 21950 is divided by 873.
125
What is the remainder when 118970094 is divided by 60730?
24
Calculate the remainder when 59719 is divided by 14924.
23
What is the remainder when 140791 is divided by 458?
185
Calculate the remainder when 13881031 is divided by 60091.
10
Calculate the remainder when 3517613 is divided by 40.
13
What is the remainder when 2039056 is divided by 2683?
2659
Calculate the remainder when 286684 is divided by 94642.
2758
What is the remainder when 8376886 is divided by 211?
186
Calculate the remainder when 430163 is divided by 2898.
1259
Calculate the remain